e tens digit of u?
4
Let n(f) = 19 + 6 - 13*f - f**3 - 21*f**2 + 14*f + f**2. Let r be n(-20). Suppose -168 = -z + r*s, 4*z - 734 = -3*s - 85. What is the tens digit of z?
6
Let k = 136947 - 52511. What is the units digit of k?
6
Suppose -h + 79901 = 4*r, -545*h + 542*h + 59910 = 3*r. What is the tens digit of r?
7
Let y be 22*1 + 0/2. Let o = -20 + y. Suppose -4*j + o*p = -162, p - 192 = -2*j - 3*j. What is the units digit of j?
9
Suppose 0 = 3*t + 3*u + 366, 214 = -3*t + t + 4*u. Let b = t - -855. What is the tens digit of b?
3
Suppose 5*m - 110 = 5*n, -n + 1 = 4*m - 62. Suppose 2*t + 4 = 2*x, -2 = 3*x - m. Suppose -2*j + 6 = t*o, -3*o - 25 = -j + o. What is the units digit of j?
9
Let b(l) = 295*l**2 + 188*l - 78. What is the hundreds digit of b(8)?
3
Let q = 67 - 63. Suppose 3*t - 178 = -5*n, 5*t + q*n - n - 286 = 0. What is the units digit of t?
6
Let x(j) = 5*j - 19. Let d be x(7). Let h be ((-3)/4)/(-5 + 76/d). Suppose 2*l + 4 + 0 = 0, 0 = -3*m - h*l + 63. What is the tens digit of m?
2
Let z(l) = 1904*l - 1187. What is the units digit of z(12)?
1
Suppose 4 = 18*j - 68. Let d(h) = 19*h**2 + 5*h + 6. What is the tens digit of d(j)?
3
Let k be 1/(777/(-258) - -3). What is the hundreds digit of ((-48)/16)/(174/k + 2)?
1
Suppose -10*k + 8*k - 8 = 0. Let j be 0*k/80*-5. Suppose 3*x - 152 = -5*q, x + 0*x - 4 = j. What is the tens digit of q?
2
Let r(c) = -c**3 - 6*c**2 - 7*c - 20. Let o be ((-1)/(-2))/(4/(-96)*2). What is the tens digit of r(o)?
2
Let s(w) = -3*w - 9 - 3*w - 12 + 20. Let k be s(-1). What is the tens digit of -5 + (8 - k) + 190?
8
Let q(r) = r**3 - 84*r**2 + 16*r + 402. What is the hundreds digit of q(84)?
7
Let g(r) = -r**3 + 27*r**2 + 3*r - 9. Let t = -12 - -23. Let k be g(t). Suppose 20*s - 12*s - k = 0. What is the hundreds digit of s?
2
Let s(j) = -72*j - 76. Let a be -8 + 5 - 3/((-6)/(-8)). What is the units digit of s(a)?
8
Suppose 542*a - 557*a = 123040 - 486175. What is the hundreds digit of a?
2
Suppose 42 = 6*z - 9*z - 3*f, 5*f = z - 10. What is the tens digit of z/20 + (-3500)/(-8) + 2?
3
What is the tens digit of 39234*(40 + -27 - 11)?
6
Let f = -135 - -140. Suppose f*g + 807 = 4*l - 159, 5*l = -5*g + 1230. What is the hundreds digit of l?
2
Let y be (32 - 31)*(-422)/1. What is the units digit of (y/10)/((-6)/(-30)*-1)?
1
Let u(a) = -a**3 - 9*a**2 - 5*a - 7. Let r(n) = 5*n**3 + 37*n**2 + 20*n + 29. Let f be 6/4 + 1/2. Let t(j) = f*r(j) + 9*u(j). What is the units digit of t(8)?
9
Let a be (4/(-3))/((-92)/345). Suppose -1869 = -5*f + 4*x + 571, f = a*x + 509. What is the units digit of f?
4
Let d be (5/3)/(21/1764). Suppose 268 = 4*j - d. What is the tens digit of (3/2)/(9/j)?
1
Suppose -3*g + 7*g = 32. Suppose 5*w - 9 = -4*x + g, 5*w - 5*x + 10 = 0. What is the units digit of (-31*12/(-4))/w?
3
Let s be (-2)/(-10) + (-82)/10. Suppose 9*b - 5*b - 4*f + 504 = 0, -4*f - 343 = 3*b. Let o = s - b. What is the hundreds digit of o?
1
Suppose 5607906 = 39*f + 99*f. What is the ten thousands digit of f?
4
Let j(k) = k**3 - k**2 - 2*k + 2. Let c be j(2). Suppose -9 - 1 = -c*o. Suppose 0 = -v - z + 121, -o*v + 3*z + 615 = -2*z. What is the hundreds digit of v?
1
Let h = -86 - -149. Let a = h - 55. Let l(d) = 21*d + 7. What is the units digit of l(a)?
5
What is the thousands digit of (73672695/855 - 6/(-57))/1?
6
Suppose 610036 = -338*s + 366*s. What is the tens digit of s?
8
Let o = 3002 + 1971. What is the units digit of o?
3
Suppose -95*g + 98*g = 0. Suppose -18*j + 5001 + 615 = g. What is the tens digit of j?
1
What is the thousands digit of 9 - 1307277/(-90) - 3/10?
4
Let j = 1508 + -1412. What is the units digit of j?
6
Let o(g) = 2*g**2 + 17*g + 10. Let u be o(-8). Suppose -5*f = d - 1594, 0 = -0*f - 4*f + u*d + 1264. What is the units digit of f?
8
Let r(h) = -2. Let p(x) = x - 224. Let v(w) = -p(w) + 2*r(w). What is the tens digit of v(-20)?
4
What is the hundreds digit of (15/(-20))/((-9)/(-6) - 0)*-20218?
1
Let u(k) = k**3 - 13*k**2 + 17*k - 60. Let y be u(12). Suppose y = -47*c + 41*c + 1536. What is the tens digit of c?
5
Let l(o) = -o**2 + 11*o - 28. Let i = -132 + 148. Let z be l(i). Let r = 10 - z. What is the hundreds digit of r?
1
Let z(k) = -k**2 + 5*k + 3. Let m be z(4). Suppose -12*s = -m*s - 965. Let o = -76 + s. What is the hundreds digit of o?
1
Let m = -23 - -27. Let n be m + (-241 - (3 + 2)). Let c = n + 428. What is the hundreds digit of c?
1
Suppose -3*f - 4*f + 21 = 0. Let k(t) = 6*t - 22*t - 8*t**2 - 35 - f*t**3 + 2*t**3 + 53. What is the units digit of k(-8)?
6
Suppose -n + 2*b + 6 = 0, 2*n + 2*b = -2*n - 6. Suppose -5*y + 262 + 233 = n. Suppose 182 = 3*w - 4*f - 136, -y = -w - f. What is the tens digit of w?
0
Let f(y) = -y**3 + 12*y**2 + y + 1. Let p be f(12). Suppose t + 25 = 4*x - p, 2*x - 24 = -2*t. What is the tens digit of x - (-4 + (1 - 1))?
1
Suppose -128*l + 124*l = -24. Suppose y + k + 31 = 4*y, 2*y + 3*k - l = 0. What is the units digit of y?
9
Let n(o) = 2*o**3 + 2*o**2 - 4. Let l be n(-2). Suppose 170 = 2*j + 154. What is the tens digit of l/j*(-5 - 113)?
7
Let c(b) = b - 7. Let w be c(11). Suppose w*h - 22 = 3*x, -2*h - 2*h - 4*x + 8 = 0. Suppose 5*r + 9 = 3*p, 0 = h*r - 12. What is the units digit of p?
8
Suppose -3*s + 5*v - 139 = 0, -2 = 4*s - 2*v + 174. Let j = 59 + s. Suppose 48 = j*l - 8*l. What is the units digit of l?
6
Let i = 93 + -90. Let v(f) be the third derivative of f**6/30 - f**5/15 + f**3/2 + 2*f**2. What is the tens digit of v(i)?
7
Let d be (-1)/2 + (-18)/4. Let f(h) = -109*h + 22 + 221*h - 120*h. What is the tens digit of f(d)?
6
What is the units digit of (480 + -167)*1*71?
3
What is the thousands digit of (-1510677)/(-66) + (-109)/2398?
2
What is the units digit of (1122652/(-1136))/(1/(-16))?
2
What is the hundreds digit of ((-2937)/(-2))/33*(1130 - 0)*1?
2
Let b(c) = 8*c**3 + 7*c**2 - 15*c + 2. Suppose 4*v = 5*h - 24, 86*v - 87*v = 5*h - 19. What is the hundreds digit of b(h)?
5
What is the hundreds digit of (-5)/(44/6 - 9) - (-7901)/1?
9
Suppose 26*g - 12*g = 168. What is the tens digit of (g*-161)/(-3) - 5*1?
3
Let r(n) = 101*n + 14. Suppose -3*o = -6*o + 21. What is the hundreds digit of r(o)?
7
Let g be 30/(((-12)/(-162))/2). Suppose 5*o - 4060 = -7*y + 2*y, y - g = o. What is the units digit of y?
1
Let b(t) = -13*t - 193. Let x(h) = -12*h - 191. Let c(f) = 4*b(f) - 5*x(f). What is the units digit of c(20)?
3
Let h(l) = l**3 + 8*l**2 + 7*l - 1. Let v be h(-7). Let d be (v - 1)/(8/(-28)). What is the units digit of 1 - (4 - d) - -23?
7
Let n(s) = -2*s**3 - 6*s**2 - s - 11. Let d(t) = t - 10. Let w be d(14). Suppose 2*q = r + w*r, -3*q = -r + 13. What is the tens digit of n(q)?
9
What is the units digit of (-3017664)/(-310) - (2 + (-24)/15)?
4
Suppose -55*j + 233 = -42. Suppose l + 9 = 2*d + 2*l, 0 = -3*l + 9. Suppose -j*r + 370 = -d*k, -2*r = -0*r - k - 147. What is the units digit of r?
1
Suppose 4859*k = 4829*k + 1852770. What is the thousands digit of k?
1
What is the thousands digit of ((-4476)/(-60))/((-256)/840 - (-1)/3)?
2
Let h(t) = -13*t**3 - t**2 + 5*t + 2. Let r be h(-4). Let q be (14/(-5))/(-7*6/105). Suppose s = q*s - r. What is the units digit of s?
3
Let i = -126 - -126. Suppose i = 5*l + 5*r - 4210, -r - 15 = 2*r. What is the units digit of l/3 + 16/24?
3
Suppose 0 = 265*w - 275*w + 487460. What is the thousands digit of w?
8
Let b be (264/2)/(1 + 0). Let d = 787 - 835. Let u = d + b. What is the tens digit of u?
8
Let c = 71577 + -29166. What is the units digit of c?
1
What is the tens digit of (111932/(-14))/(128/(-56))*(14 + -6)?
8
Let y(n) = 1220*n + 694. What is the hundreds digit of y(13)?
5
Suppose 529439 = -128*c + 6479647. What is the tens digit of c?
8
Suppose 234347 + 465246 = 12*o + 145421. What is the ten thousands digit of o?
4
Let g(j) = 7*j - 217. Let a be g(31). Suppose -2*h - 6*d + 11*d = -1913, 5*h - 4*d - 4791 = a. What is the hundreds digit of h?
9
Let h(u) = 65*u**2 + u. Let l be h(-1). Suppose -l - 84 = -4*k. Suppose k*j - 36*j = 104. What is the tens digit of j?
0
Let n(o) = o**2 - 18*o + 36. Let p be 15/((-5)/(-2 + -3)). Let l be n(p). Let h(m) = -m**3 - 8*m**2 + 4*m - 19. What is the units digit of h(l)?
6
What is the tens digit of (17 - 57745/(-20))*1/((-2)/(-16))?
3
Let u(p) = 9*p - 48. Let w be u(7). Let